t n be 20/3 + 2/6. Calculate the highest common factor of 35 and n.
7
Let i = -44 + 63. Let s = i - 11. Let r be s/3*21/4. Calculate the highest common factor of 7 and r.
7
Let x = 45 - 6. Let j be (-16)/(-4)*(5 - -1). Let q = j - 11. What is the greatest common divisor of q and x?
13
Suppose 0 = 2*p + 64 + 54. Let t = p - -108. Suppose y + 3*y = 28. What is the highest common divisor of t and y?
7
Let y be (16/10)/(6/105). Let o(k) = k**2 - k. Let j be o(2). Let h be (-7*(-2 - 0))/j. Calculate the greatest common divisor of y and h.
7
Let o be 30*2*(-1)/(-3). Let r be 2/(3/9*-2). Let g be 105/(-7)*1/r. What is the greatest common divisor of g and o?
5
Suppose 0 = y + y - 84. Calculate the greatest common divisor of y and 6.
6
Let o(u) = 27*u + 5. Let w be o(8). What is the greatest common factor of 13 and w?
13
Let i = 97 + -34. What is the greatest common divisor of 42 and i?
21
Let g be (-20)/(-8)*(-4)/(-5). Suppose -125 = -w + g*h, w + h = 2*h + 130. What is the highest common factor of w and 15?
15
Let x = -199 + 319. Calculate the highest common factor of 12 and x.
12
Suppose 5*h = 10, l + 5*h = 5*l - 126. Let x = 62 - l. What is the greatest common factor of x and 14?
14
Suppose 2*s - 24 = -2*i, -4*s - 4*i + 34 = -s. Calculate the highest common divisor of 14 and s.
14
Suppose 0*k + 6*k = 714. What is the highest common factor of 17 and k?
17
Let l = 33 - 5. Let x(a) = a**3 - 3*a**2 - 5*a + 6. Let q be x(4). Suppose -3*j + 0 - 5 = -2*f, -f + 6 = q*j. What is the greatest common divisor of l and f?
4
Suppose -50 = -5*t + u, t + t - 12 = 2*u. Let j(v) = -v - 1. Let m be j(4). Let b = m + 60. Calculate the highest common factor of t and b.
11
Let w be -2 + (-30)/(-14) - 96/(-14). What is the highest common factor of w and 56?
7
Suppose -4*k - 24 = -3*b - 889, -685 = -3*k - 5*b. Suppose k = 4*f - 40. Suppose 2*x - 52 = -2*x. What is the greatest common divisor of x and f?
13
Suppose 6*y - 26 = 172. Calculate the highest common factor of 22 and y.
11
Let z = 80 - 17. Calculate the greatest common factor of 21 and z.
21
Suppose -4*r + 40 = 4*n, -24 = 3*r - 5*r - 3*n. What is the highest common divisor of 24 and r?
6
Suppose o = 3 + 9. Let n(z) be the third derivative of z**4/3 - 2*z**3/3 - z**2. Let x be n(5). Calculate the greatest common divisor of o and x.
12
Let s = -15 + 43. Calculate the highest common factor of 8 and s.
4
Let n = -18 - -15. Let o be (n + 1)/(2/(-5)). What is the greatest common factor of 25 and o?
5
Let h be ((-28)/2)/(-4 + 2). Let p be 33*((-16)/12 - -2). Let o be 6/(-33) + 1390/p. Calculate the highest common divisor of h and o.
7
Let u be 10/(-8) - (-105)/4. Calculate the greatest common divisor of u and 5.
5
Let l = -114 + 121. What is the greatest common factor of 28 and l?
7
Let b(d) = 9*d**2 - 5*d + 8. Let f be b(4). What is the greatest common factor of 12 and f?
12
Let r be 45 + -2 + -2 + 3. Suppose 5*n - f = r, -5*n - 2*f + 18 = -14. Let h be 6*(-2)/n*-12. Calculate the highest common divisor of h and 12.
6
Suppose 58*v + 3 = 59*v. Calculate the highest common factor of 9 and v.
3
Suppose 5*b - 35 + 0 = 0. What is the highest common divisor of 28 and b?
7
Let t(n) = 5*n + 2. Let b(p) = p**2 - 1. Let i be b(-2). Suppose 3 + i = 3*z. Let g be t(z). What is the highest common factor of g and 36?
12
Let g be ((-4)/6)/((-5)/45). Let p be (-2)/6 - 205/(-3). Suppose -4*o = -f + p, -5*f - 5*o + 140 + 75 = 0. Calculate the greatest common divisor of f and g.
6
Let b be (-2)/5 + 704/10. Suppose 23*s - 12 = 21*s. Let v be 26 + s*2/6. What is the greatest common factor of v and b?
14
Let u be (-89)/(-3) + 13/39. Calculate the greatest common divisor of u and 60.
30
Let n be (4 - (1 - 5))*4. Calculate the greatest common divisor of 8 and n.
8
Suppose -4*g = -0*g - 88. Calculate the greatest common factor of 55 and g.
11
Suppose -2*r = -154 - 132. Let c be (-78)/18*(-6)/2. Calculate the greatest common divisor of c and r.
13
Let b = -53 - -55. Let c = -19 + 33. What is the highest common factor of c and b?
2
Let o be 3/(-2 - -1)*3230/(-255). Calculate the greatest common factor of 57 and o.
19
Suppose -10*l - 8 = -68. Let h = 0 - -6. What is the greatest common factor of l and h?
6
Let g(c) = c**2 - c + 28. Let r be g(0). Let h be 7/(-3)*15/(2 - 7). Calculate the highest common factor of r and h.
7
Let a be 4/(-22) - (-90)/11. What is the highest common factor of 16 and a?
8
Let g(q) = -2*q**2 - 3*q - 2. Let o be g(-2). Let f(l) = -18*l + 3. Let b be f(o). What is the greatest common factor of b and 50?
25
Let v = -23 - -35. What is the highest common divisor of v and 1?
1
Let j be (-19 - -1) + 8 + -4. Let z be (-110)/(-14) + (-2)/j. What is the greatest common divisor of z and 1?
1
Suppose -4*h + 37 = -3*r, 5*r + 5 + 10 = 0. Calculate the highest common factor of 56 and h.
7
Suppose -23 = -3*u - z, -4*u + z + 2*z + 35 = 0. Suppose -5*j + 5*y = -80, -22 - u = -3*j - 3*y. Calculate the highest common factor of 143 and j.
13
Let j = -8 + 12. Suppose -j*y + y = -6. Calculate the greatest common divisor of y and 8.
2
Let u(g) = 0*g + 0*g + 5*g + 6 - 2. Let k be u(3). Let v be 940/25 - (-4)/10. What is the highest common divisor of k and v?
19
Let i(y) = -y**3 + y**2 + y. Let b be i(-2). Calculate the highest common divisor of 30 and b.
10
Suppose -3*p - 828 = -7*p. Let i = p - 81. Calculate the greatest common divisor of 14 and i.
14
Suppose -4*b + 28 = 8. Let c(q) = -q + 8. Let i be c(b). What is the highest common divisor of i and 21?
3
Let q(n) = -2*n**3 - 23*n**2 - 12*n + 13. Let j be q(-11). What is the greatest common factor of j and 8?
8
Suppose 6*m - 13 = 5*m. Calculate the highest common divisor of 104 and m.
13
Suppose 0 = -3*f + 2 + 16. What is the highest common divisor of 18 and f?
6
Suppose 124*z = 125*z - 341. Calculate the greatest common factor of z and 11.
11
Let r be (4 - 5)/(((-15)/(-66))/(-5)). What is the highest common factor of r and 154?
22
Let z(w) = -w**3 - w**2 + w + 8. Let x be z(0). What is the greatest common divisor of 64 and x?
8
Suppose 4*b - 53 = 3*i, -4*i - 4 = 5*b - 47. Calculate the greatest common factor of b and 44.
11
Let m = 6 - 4. Suppose m*a - 9 = 3. Let r = a + 0. Calculate the highest common divisor of r and 48.
6
Suppose 5*d - 174 = 141. Calculate the greatest common divisor of d and 21.
21
Suppose 5*m - 7*m = -6. Let a be m - 14/(4/(-4)). What is the greatest common divisor of a and 119?
17
Suppose 4 = -4*t, -n + 12 + 1 = -5*t. Suppose 2*z + r = -2, 3*r + 9 = z + r. What is the greatest common factor of z and n?
1
Suppose 219 + 41 = 4*i. What is the highest common factor of i and 26?
13
Let d(x) = -3*x**2 + 1. Let c be d(1). Let j(z) = 4*z**2 + 4*z + 3. Let v be j(c). What is the greatest common factor of 22 and v?
11
Suppose 27 = 3*c + 3. Suppose i = 4*n + 3, 0*i - 9 = -3*i + 4*n. Suppose m = i*m - 144. What is the greatest common factor of m and c?
8
Let a(p) = p**3 + 10*p**2 + 11*p - 4. Let u be a(-9). Let z = u + 32. Let k be 4/(-6) - (-28)/6. Calculate the greatest common factor of k and z.
2
Suppose 2*n + 44 = 2*i, -4*i - 1 = -13. Let z be 0 + n/(-1) + -1. Calculate the greatest common factor of 18 and z.
18
Let i = 40 + -25. Calculate the greatest common factor of i and 120.
15
Suppose 4*j - 104 = -2*z, 94 = 4*j + 3*z - 6*z. Calculate the greatest common divisor of 225 and j.
25
Let t(u) = -u**2 + 13*u + 5. Let z be t(12). Calculate the greatest common divisor of z and 34.
17
Suppose 18 = 3*a + 3*w, 2*w - 4 - 2 = a. Let t(g) = g**a + g + 4 + 7 + 11. Let q be t(0). What is the highest common factor of q and 2?
2
Let n(v) = v**3 + 4*v**2 + 4*v + 2. Let k be n(-2). Suppose f = y + 32, 2*y - 63 - 1 = -k*f. Calculate the greatest common factor of f and 4.
4
Let r be (25/1)/(-5 - -6). Let c be -3*(1 + (-1)/3). Let d = 3 - c. What is the highest common divisor of d and r?
5
Let m(g) = -g**2 + 11. Let q be m(0). What is the greatest common divisor of 55 and q?
11
Suppose 2*p - 5*m - 40 = -102, p + 29 = 2*m. Let d = -11 - p. What is the highest common factor of d and 50?
10
Let k(h) = h**3 - 5*h**2 - 5*h - 4. Let i be k(6). Suppose -3*n + 4*n - 12 = -i*g, -g = -n - 9. Calculate the greatest common divisor of g and 14.
7
Let v be -2*((-3)/(-6) - 2). Let f be (-32)/18 - 4/18. Le